{"id":3,"date":"2020-02-29T17:51:19","date_gmt":"2020-02-29T16:51:19","guid":{"rendered":"http:\/\/maler-swoboda.de\/cms\/?page_id=3"},"modified":"2020-05-31T09:50:31","modified_gmt":"2020-05-31T07:50:31","slug":"datenschutzerklaerung","status":"publish","type":"page","link":"https:\/\/maler-swoboda.de\/cms\/datenschutzerklaerung\/","title":{"rendered":"Datenschutzerkl\u00e4rung"},"content":{"rendered":"\n<h2>Wer wir sind<\/h2>\n\n\n\n<p>Die Adresse unserer Website ist: http:\/\/maler-swoboda.de Witere Informationen zu unserem Unternehmen finden Sie im<a href=\"http:\/\/maler-swoboda.de\/cms\/2020\/02\/29\/impressum\/\"> Impressum.<\/a><\/p>\n\n\n\n<h2>Welche personenbezogenen Daten wir sammeln und warum wir sie sammeln<\/h2>\n\n\n\n<h3>Kommentare<\/h3>\n\n\n\n<p>Wenn Besucher Kommentare auf der Website schreiben, sammeln wir die Daten, die im Kommentar-Formular angezeigt werden, au\u00dferdem die IP-Adresse des Besuchers und den User-Agent-String (damit wird der Browser identifiziert), um die Erkennung von Spam zu unterst\u00fctzen.<\/p>\n\n\n\n<p>Aus Ihrer E-Mail-Adresse kann eine anonymisierte Zeichenfolge erstellt (auch Hash genannt) und dem Gravatar-Dienst \u00fcbergeben werden, um zu pr\u00fcfen, ob Sie diesen benutzen. Die Datenschutzerkl\u00e4rung des Gravatar-Dienstes finden Sie hier: https:\/\/automattic.com\/privacy\/. Nachdem Ihr Kommentar freigegeben wurde, ist Ihr Profilbild \u00f6ffentlich im Kontext Ihres Kommentars sichtbar.<\/p>\n\n\n\n<h3>Kontaktformulare<\/h3>\n\n\n\n<p>Wenn Sie mit uns Kontakt aufnehmen wollen, steht Ihnen ein Kontaktformular auf unserer Seite zur Verf\u00fcgung. Hier speichern wir alle Daten, die Sie dort eingeben, damit wir Kontakt zu Ihnen aufnehmen k\u00f6nnen. Die Daten werden ausschlie\u00dflich f\u00fcr diesen Zweck genutzt und nicht an Dritte weitergegeben. Falls aus einer Kontaktanfrage kein gesch\u00e4ftlicher Kontakt entsteht, werden wir die Daten nach sp\u00e4testens 6 Monaten wieder l\u00f6schen.<\/p>\n\n\n\n<h3>Cookies<\/h3>\n\n\n\n<p>Wir verwenden Cookies lediglich zur Verbesserung der Funktion der Webseite und zur Speicherung von Daten aus Komfortgr\u00fcnden, z.B. zum Vorausf\u00fcllen von Formularen. Des weiteren werden Cookies durch das CMS-System gesetzt, um den aktuellen Datenstand Ihres Seitenbesuches festzuhalten. Alle diese Cookies werden nicht dazu verwendet, um ein Nutzerverhalten aufzuzeichnen und werden nicht an Dritte, insbesondere an Analysedienste weitergegeben und nicht f\u00fcr Werbezwecke verwendet.<\/p>\n\n\n\n<p>Cookies, die wir aus Gr\u00fcnden der Funktionst\u00fcchtigkeit setzen, verfallen nach wenigen Tagen. Cookies, die wir aus Komfortgr\u00fcnden setzen, sind ein Jahr g\u00fcltig. Sie k\u00f6nnen nach Ihrem Besuch unserer Webseite jederzeit Ihren Cookiespeicher l\u00f6schen, ohne Beeintr\u00e4chtigung der technischen Funktion unserer Webseite bei Ihrem n\u00e4chsten Besuch erfahren zu m\u00fcssen.<\/p>\n\n\n\n<h2>F\u00fcr interne Bereiche<\/h2>\n\n\n\n<p>Wenn Sie sich anmelden, werden wir einige Cookies einrichten, um Anmeldeinformationen und Anzeigeoptionen zu speichern. Anmelde-Cookies verfallen nach zwei Tagen und Cookies f\u00fcr die Anzeigeoptionen nach einem Jahr. Falls Sie bei der Anmeldung \u201eAngemeldet bleiben\u201c ausw\u00e4hlen, wird die Anmeldung zwei Wochen lang aufrechterhalten. Mit der Abmeldung aus Ihrem Konto werden die Anmelde-Cookies gel\u00f6scht.<\/p>\n\n\n\n<p>Wenn Sie einen Artikel bearbeiten oder ver\u00f6ffentlichen, wird ein zus\u00e4tzlicher Cookie in deinem Browser gespeichert. Dieser Cookie enth\u00e4lt keine personenbezogenen Daten und verweist nur auf die Beitrags-ID des Artikels, den du gerade bearbeitet hast. Der Cookie verf\u00e4llt nach einem Tag.<\/p>\n\n\n\n<h3>Analysedienste<\/h3>\n\n\n\n<p>Diese Webseite verwendet keine Analysedienste und erhebt keine Daten zu Analysediensten durch Dritte. Es werden lediglich Daten gespeichert, die den Besuch und die Ansicht der Webseiten betreffen. Dies erfolgt ausschlie\u00dflich zu statistischen Zwecken und ggf. zur Nachverfolgung von Mi\u00dfbrauch. Die gespeicherten Daten werden anonym erhoben und k\u00f6nnen von uns nicht einer bestimmten Person zugeordnet werden. Die statistische Auswertung erfolgt ausschlie\u00dflich zum internen Gebrauch, Daten werden nicht an Dritte weitergegeben, soweit nicht gesetzliche Vorgaben dies erzwingen.<\/p>\n\n\n\n<h2>Mit wem wir Ihre Daten teilen<\/h2>\n\n\n\n<p>Wir geben keine Daten, insbesondere keinen personengebundene Daten an Dritte weiter, soweit dem keine gesetzlichen Vorgaben entgegenstehen.<\/p>\n\n\n\n<h2>Wie lange wir Ihre Daten speichern<\/h2>\n\n\n\n<p>Wenn Sie einen Kommentar schreiben, wird dieser inklusive Metadaten zeitlich unbegrenzt gespeichert. Auf diese Art k\u00f6nnen wir Folgekommentare automatisch erkennen und freigeben, anstelle sie in einer Moderations-Warteschlange festzuhalten.<\/p>\n\n\n\n<p>F\u00fcr Benutzer, die sich auf unserer Website registrieren, speichern wir zus\u00e4tzlich die pers\u00f6nlichen Informationen, die sie in ihren Benutzerprofilen angeben. Alle Benutzer k\u00f6nnen jederzeit ihre pers\u00f6nlichen Informationen einsehen, ver\u00e4ndern oder l\u00f6schen (der Benutzername kann nicht ver\u00e4ndert werden). Administratoren der Website k\u00f6nnen diese Informationen ebenfalls einsehen und ver\u00e4ndern.<\/p>\n\n\n\n<h2>Welche Rechte Sie an Ihren Daten haben<\/h2>\n\n\n\n<p>Wenn Sie Konto auf dieser Website besitzen oder Kommentare geschrieben haben, k\u00f6nnen Sie einen Export Ihrer personenbezogenen Daten bei uns anfordern, inklusive aller Daten, die Sie uns mitgeteilt haben. Dar\u00fcber hinaus k\u00f6nnen Sie die L\u00f6schung aller personenbezogenen Daten, die wir von Ihnen gespeichert haben, anfordern. Dies umfasst nicht die Daten, die wir aufgrund administrativer, rechtlicher oder sicherheitsrelevanter Notwendigkeiten aufbewahren m\u00fcssen.<\/p>\n\n\n\n<h2>Wohin wir deine Daten senden<\/h2>\n\n\n\n<p>Besucher-Kommentare k\u00f6nnten von einem automatisierten Dienst zur Spam-Erkennung untersucht werden.<\/p>\n\n\n\n<h2>Kontakt-Informationen<\/h2>\n\n\n\n<p>Bei Anfragen zum Datenschutz oder bez\u00fcglich Datenspeicherung verweden Sie bitte unsere Kontaktseite.<\/p>\n\n\n\n<h2>Weitere Informationen<\/h2>\n\n\n\n<p>k\u00f6nnen Sie auf Anfrage \u00fcber unsere Kontaktseite erhalten.<\/p>\n\n\n\n<h3>Compliance<\/h3>\n\n\n\n<p>Einzelheiten, die in dieser Datenschutzerkl\u00e4rung nicht explizit genannt sind, werden durch die jewels g\u00fcltigen Bestimmungen der DSGVO geregelt.<\/p>\n","protected":false},"excerpt":{"rendered":"<p>Wer wir sind Die Adresse unserer Website ist: http:\/\/maler-swoboda.de Witere Informationen zu unserem Unternehmen finden Sie im Impressum. Welche personenbezogenen Daten wir sammeln und warum wir sie sammeln Kommentare Wenn Besucher Kommentare auf der Website schreiben, sammeln wir die Daten, die im Kommentar-Formular angezeigt werden, au\u00dferdem die IP-Adresse des Besuchers und den User-Agent-String (damit wird &hellip; <\/p>\n<p class=\"link-more\"><a href=\"https:\/\/maler-swoboda.de\/cms\/datenschutzerklaerung\/\" class=\"more-link\"><span class=\"screen-reader-text\">\u201eDatenschutzerkl\u00e4rung\u201c<\/span> weiterlesen<\/a><\/p>\n","protected":false},"author":1,"featured_media":0,"parent":0,"menu_order":0,"comment_status":"closed","ping_status":"open","template":"","meta":[],"_links":{"self":[{"href":"https:\/\/maler-swoboda.de\/cms\/wp-json\/wp\/v2\/pages\/3"}],"collection":[{"href":"https:\/\/maler-swoboda.de\/cms\/wp-json\/wp\/v2\/pages"}],"about":[{"href":"https:\/\/maler-swoboda.de\/cms\/wp-json\/wp\/v2\/types\/page"}],"author":[{"embeddable":true,"href":"https:\/\/maler-swoboda.de\/cms\/wp-json\/wp\/v2\/users\/1"}],"replies":[{"embeddable":true,"href":"https:\/\/maler-swoboda.de\/cms\/wp-json\/wp\/v2\/comments?post=3"}],"version-history":[{"count":4,"href":"https:\/\/maler-swoboda.de\/cms\/wp-json\/wp\/v2\/pages\/3\/revisions"}],"predecessor-version":[{"id":115,"href":"https:\/\/maler-swoboda.de\/cms\/wp-json\/wp\/v2\/pages\/3\/revisions\/115"}],"wp:attachment":[{"href":"https:\/\/maler-swoboda.de\/cms\/wp-json\/wp\/v2\/media?parent=3"}],"curies":[{"name":"wp","href":"https:\/\/api.w.org\/{rel}","templated":true}]}}